q(152)?
-240
Let k(t) = 2*t**3 + 3*t**2 + 45*t + 578. What is k(-7)?
-276
Let t(o) = -2*o**3 - 15*o**2 + 57*o + 82. Calculate t(-10).
12
Let n(c) = -5*c**3 + 110*c**2 + 26*c - 567. What is n(22)?
5
Let l(r) = -95*r + 15998. What is l(165)?
323
Let t(m) = 458369*m - 1833456. Determine t(4).
20
Let h(n) = -611418*n - 9171271. Calculate h(-15).
-1
Let k(z) = 3*z**3 - 24*z**2 - 232*z - 1044. Determine k(-9).
-3087
Let y(c) = 2690*c**3 + 16137*c**2 - 32*c - 104. What is y(-6)?
-20
Let s(a) = 2340*a - 14324. Give s(6).
-284
Let y(v) = -57*v + 2931. Determine y(50).
81
Let z(m) = 6361*m - 4242784. Determine z(667).
3
Let w(t) = -22469*t + 4179228. Determine w(186).
-6
Let d(q) = 48*q**2 - 21*q - 54. What is d(-1)?
15
Let i(h) = -2*h**3 - 23*h**2 + 1944*h + 21417. Determine i(-11).
-88
Let g(o) = -o**3 - 23*o**2 + 80*o + 1402. What is g(-16)?
-1670
Let a(v) = -8*v**3 + 11*v**2 - 122*v + 608. Determine a(6).
-1456
Let h(i) = i**3 - 228*i**2 + 3960*i + 2306. Determine h(209).
7
Let q(r) = 202035*r + 3838645. Give q(-19).
-20
Let h(m) = 51172*m + 12383617. Calculate h(-242).
-7
Let i(m) = 11*m**3 - 2079*m**2 - 2*m + 560. Determine i(189).
182
Let c(q) = -q**2 - 1061*q - 44743. Give c(-44).
5
Let k(r) = -263668*r + 12392394. Determine k(47).
-2
Let h(y) = 2*y**3 + 298*y**2 + 285*y + 798. Give h(-148).
2426
Let q(y) = 131*y + 4075. Calculate q(-26).
669
Let d(v) = 2*v**2 - 1139*v - 39766. Give d(-33).
-1
Let i(d) = -72*d**2 - 507*d + 2607. What is i(5)?
-1728
Let i(y) = 66757*y + 534056. What is i(-8)?
0
Let j(y) = -23*y**2 + 833*y + 10012. What is j(-12)?
-3296
Let a(w) = w**3 + 6*w**2 - 367*w - 36. Calculate a(-22).
294
Let f(u) = 9*u**2 + 118*u - 1000. Give f(-18).
-208
Let p(u) = u**3 + 16*u**2 - 101*u - 846. Give p(-10).
764
Let p(w) = 3126*w - 78179. What is p(25)?
-29
Let x(f) = 5*f**3 - 92*f**2 + 81*f - 611. Calculate x(17).
-1257
Let z(r) = 24214*r + 4092164. What is z(-169)?
-2
Let m(v) = 6*v**2 + 244*v + 3583. Give m(-15).
1273
Let q(l) = -l**3 - 29*l**2 - 216*l - 5130. What is q(-27)?
-756
Let a(f) = -2*f**2 + 26*f + 3654. What is a(48)?
294
Let j(o) = -253*o**3 - 23*o**2 - 47*o + 49. Give j(1).
-274
Let j(x) = 51*x + 2983. Determine j(-43).
790
Let d(t) = -14*t**2 + 995*t + 104. What is d(71)?
175
Let p(c) = -5*c**3 - 66*c**2 - 381*c + 18. Give p(-10).
2228
Let c(z) = -1909*z + 68757. Calculate c(36).
33
Let s(l) = 7*l**2 + 1434*l - 44622. What is s(32)?
8434
Let p(c) = -22*c**2 + 173*c + 846. Determine p(-5).
-569
Let x(z) = -375525*z - 27037805. Calculate x(-72).
-5
Let k(m) = -1647*m + 1690. What is k(1)?
43
Let p(q) = -9*q**2 - 168*q + 98. Determine p(-20).
-142
Let q(f) = f**3 - 136*f**2 + 512*f + 2068. What is q(132)?
-44
Let i(a) = a**3 + 35*a**2 - 471*a - 12. Determine i(-45).
933
Let w(d) = -4*d**3 + 10*d**2 + 264*d + 30. Give w(-7).
44
Let x(s) = -s**2 - 1967*s - 298822. Calculate x(-166).
144
Let i(g) = -g**3 + 17*g**2 + 36*g - 225. Calculate i(9).
747
Let j(t) = 3*t**2 + 723*t + 6898. Give j(-10).
-32
Let u(k) = 8*k**3 + 10*k**2 + 451*k - 1403. Calculate u(3).
256
Let a(y) = y**2 + 1248*y + 54470. Calculate a(-46).
-822
Let o(w) = -w**3 + 73*w**2 - 119*w - 576. Give o(71).
1057
Let t(q) = -q**2 - 173*q + 8623. What is t(41)?
-151
Let z(y) = -2*y**3 - 224*y**2 - 660*y + 4. Calculate z(-3).
22
Let k(s) = -6*s**2 - 452*s + 2474. What is k(0)?
2474
Let q(c) = 366*c - 635. Give q(6).
1561
Let z(x) = -4*x**3 + 680*x - 3426. Calculate z(5).
-526
Let i(j) = 7*j**3 - 126*j**2 - 50*j + 637. Calculate i(18).
-263
Let r(x) = x**2 + 361*x + 20773. Calculate r(-290).
183
Let n(w) = 48*w**3 - 559*w**2 + 23*w - 2. What is n(11)?
-3500
Let f(h) = -42*h**2 + 721*h - 402. Determine f(17).
-283
Let n(b) = -71090*b - 355562. What is n(-5)?
-112
Let y(f) = 163*f - 30429. Calculate y(198).
1845
Let g(h) = -24*h**2 - 1616*h + 187. Give g(-65).
3827
Let j(a) = -83*a + 364. What is j(-3)?
613
Let c(r) = 84*r**2 + 2245*r + 6. Determine c(-27).
627
Let t(m) = 480*m + 45578. Calculate t(-95).
-22
Let r(y) = -2*y**2 - 794*y + 69700. What is r(74)?
-8
Let h(t) = -t**2 - 101*t + 12222. Give h(-171).
252
Let l(w) = -69*w**2 + 65612*w + 6664. Give l(951).
7
Let d(q) = 598*q + 23454. What is d(-39)?
132
Let m(l) = 3282*l**2 + 6503*l + 1. Calculate m(-2).
123
Let l(k) = -8381*k + 1072762. What is l(128)?
-6
Let i(w) = w**2 - 247*w - 154073. Calculate i(-288).
7
Let x(a) = -139404*a + 5994378. Calculate x(43).
6
Let k(u) = 417*u**2 - 5420*u + 1. Give k(13).
14
Let a(r) = -1984*r - 648750. Determine a(-327).
18
Let n(q) = 47378*q + 6632931. Determine n(-140).
11
Let p(k) = 9*k**3 - 563*k**2 + 413*k - 6396. What is p(62)?
-10
Let p(n) = -n**2 - 50597*n + 303624. What is p(6)?
6
Let w(t) = -53939*t + 7659333. Determine w(142).
-5
Let w(m) = -9321*m - 83862. Determine w(-9).
27
Let v(z) = -35592*z - 3523613. Determine v(-99).
-5
Let j(s) = 112*s - 2720. Calculate j(-16).
-4512
Let w(v) = v**3 + 4*v**2 - 18771*v - 75086. Calculate w(-4).
-2
Let i(r) = -450*r + 50317. What is i(112)?
-83
Let h(t) = 30*t**2 + 1315*t + 2189. Give h(-42).
-121
Let b(o) = -7*o**2 - 501*o + 3099. Calculate b(6).
-159
Let d(l) = -57*l + 20071. Give d(352).
7
Let x(s) = -3*s**3 - 74*s**2 + 416*s + 11134. Determine x(-24).
-2
Let q(i) = 297*i - 6796. Give q(23).
35
Let j(o) = 10*o**2 + 50*o - 94. Determine j(-7).
46
Let f(p) = 8*p**2 - 701*p - 21. Give f(87).
-456
Let j(a) = a**3 - 543*a**2 - 819*a + 149609. Calculate j(544).
9
Let v(p) = -p**3 + 98*p**2 + 133*p + 17169. Calculate v(101).
-1
Let f(i) = -279513*i + 1956638. What is f(7)?
47
Let l(q) = -27*q**3 + 141*q**2 + 340*q - 479. What is l(1)?
-25
Let b(c) = -2*c**2 + 987*c + 4907. Give b(-5).
-78
Let n(m) = -4068*m + 77422. What is n(19)?
130
Let n(y) = -279*y - 3174. What is n(-12)?
174
Let a(d) = -2*d**3 - 70*d**2 + 43489*d - 528. What is a(-166)?
-30
Let t(n) = 22667*n - 21898. Calculate t(1).
769
Let v(f) = 458*f + 217592. Give v(-475).
42
Let g(n) = -30*n - 5483. Give g(-219).
1087
Let g(l) = 1927*l - 449. What is g(0)?
-449
Let f(w) = -302964*w - 1212117. What is f(-4)?
-261
Let f(d) = 7974*d + 22757. Give f(-3).
-1165
Let b(t) = t**2 + 167*t - 19695. What is b(-246)?
-261
Let a(m) = -31*m**2 + 41*m + 836. Calculate a(6).
-34
Let x(y) = y**2 + 68340*y - 683473. Determine x(10).
27
Let l(z) = -2*z**2 - 628*z - 7834. Calculate l(-13).
-8
Let a(m) = m**3 + 16*m**2 - 1157*m - 3593. Calculate a(-3).
-5
Let l(k) = -k**2 - 84191*k - 589291. Determine l(-7).
-3
Let y(q) = 880*q - 19291. Give y(22).
69
Let o(k) = -31*k**3 - 31*k**2 + 3*k + 8. Calculate o(-1).
5
Let v(b) = 275*b - 8415. Determine v(26).
-1265
Let k(s) = s**2 - 2718*s - 1053240. Determine k(-344).
88
Let b(n) = -n**3 + 121*n**2 - 239*n + 181. Give b(119).
62
Let w(n) = -4*n**2 + 1187*n - 56094. Determine w(59).
15
Let a(n) = 61578*n + 1231558. Give a(-20).
-2
Let m(x) = x**2 - 10*x - 1139. Give m(38).
-75
Let q(u) = 862*u - 82715. What is q(96)?
37
Let j(u) = -1067*u**2 + 15435*u + 8550. What is j(15)?
0
Let v(g) = 3736*g + 1826898. Calculate v(-489).
-6
Let i(g) = -3*g**3 + 141*g**2 + 2*g + 134. Calculate i(47).
228
Let r(t) = t**3 - 19*t**2 - 161*t - 27. What is r(-8)?
-467
Let f(p) = -p**3 - 85*p**2 + 24277*p + 235. Calculate f(-204).
31
Let o(v) = 9133*v - 547972. What is o(60)?
8
Let v(n) = 532*n + 44845. Give v(-85).
-375
Let k(j) = -2*j**3 - 39*j**2 - 1763*j - 38397. Determine k(-21).
-51
Let g(n) = 332*n**2 - 23576*n + 289. Determine g(71).
5
Let l(y) = -24*y**3 - y**2 - 6777*y + 13550. Determine l(2).
-200
Let r(k) = -850*k + 37528. Give r(44).
128
Let h(u) = -12*u**2 + 1459*u + 5805. Calculate h(-4).
-223
Let n(x) = -x**2 - 4998*x + 35026. Determine n(7).
-9
Let o(v) = -381*v - 148815. What is o(-389)?
-606
Let d(h) = -h**3 + 139*h**2 - 271*h - 358. Determine d(137).
53
Let o(l) = l**2 + 102*l + 2228. Give o(-70).
-12
Let b(z) = 2*z**3 + 763*z**2 + 396*z + 297200. Determine b(-382).
4
Let m(w) = -w**3 + 48*w**2 + 420*w - 16089. What is m(50)?
-89
Let k(b) = 98*b + 770. What is k(-11)?
-308
Let b(f) = 379*f - 101123. What is b(267)?
70
Let b(d) = 6*d**3 + 74*d**2 - 312*d - 4150. Determine b(-12).
-118
Let w(p) = 531*p**2 - 14324*p - 21. Determine w(27).
330
Let m(z) = 47*z**2 - 10794*z + 21592. What is m(2)?
192
Let q(m) = m**2 + 275375*m - 2478391. What is q(9)?
65
